{"id":154,"date":"2021-11-14T11:20:35","date_gmt":"2021-11-14T11:20:35","guid":{"rendered":"https:\/\/schach-in-nrw.de\/?page_id=154"},"modified":"2023-01-26T08:06:06","modified_gmt":"2023-01-26T08:06:06","slug":"schiedsrichter-nrw","status":"publish","type":"page","link":"https:\/\/schach-in-nrw.de\/?page_id=154","title":{"rendered":"Schiedsrichter NRW"},"content":{"rendered":"\n<p><strong>Internationaler Schiedsrichter<\/strong><strong><br><\/strong>Dirk Husemann, Gustav-Winkler-Stra\u00dfe 10, 33699 Bielefeld, Tel.: 0521 2080321, E-Mail:&nbsp;<a href=\"mailto:husi24@t-online.de\"><\/a><a href=\"mailto:husi24@t-online.de\">husi24@t-online.de<\/a><\/p>\n\n\n\n<p><strong>FIDE Schiedsrichter<\/strong><br>Dr. Johannes Baier, Kirchenstra\u00dfe 52, 52146 W\u00fcrselen, Tel.: 02405 489915, Mobil: 01577 5352146, E-Mail:&nbsp;<a href=\"mailto:baier.johannes@gmx.de\"><\/a><a href=\"mailto:baier.johannes@gmx.de\">baier.johannes@gmx.de<\/a><br>Wolfgang Block, Graf Berghe von Trips Ring 58, 50169 Kerpen, Tel.: 02273 9386842, E-Mail:&nbsp;<a href=\"mailto:wolfgang.block@gmx.de\"><\/a><a href=\"mailto:wolfgang.block@gmx.de\">wolfgang.block@gmx.de<\/a><br>Ralf Chadt-Rausch, Oberdorfstra\u00dfe 28, 44309 Dortmund, Tel.: 0231 9252220, E-Mail:&nbsp;<a href=\"mailto:r-chadt@t-online.de\"><\/a><a href=\"mailto:r-chadt@t-online.de\">r-chadt@t-online.de<\/a><br>Holger May, Stoppenbergstra\u00dfe 3t, 46483 Wesel, Tel.: 0281 62141, E-Mail:&nbsp;<a href=\"mailto:hol.may@t-online.de\"><\/a><a href=\"mailto:hol.may@t-online.de\">hol.may@t-online.de<\/a><br>Ingrid Voigt, Fischerstra\u00dfe 19, 52249 Eschweiler, Tel.: 02403 5023016, E-Mail:&nbsp;<a href=\"mailto:giantpanda@t-online.de\"><\/a><a href=\"mailto:giantpanda@t-online.de\">giantpanda@t-online.de<\/a><br>Diter von H\u00e4fen, Beuthener Stra\u00dfe 22, 53842&nbsp;Troisdorf,&nbsp;Tel. 0162 6823259, E-Mail: <a href=\"mailto:dieter_von_haefen@web.de\">dieter_von_haefen@web.de<\/a><br>Andreas Schell, Benolper Stra\u00dfe 36, 57489 Drolshagen, Tel.: 02761 942677, E-Mail:&nbsp;<a href=\"mailto:andreasschell@t-online.de\"><\/a><a href=\"mailto:andreasschell@t-online.de\">andreasschell@t-online.de<\/a><\/p>\n\n\n\n<p><strong>Nationaler Schiedsrichter<\/strong><br>Frank Bellers, Schlickbruch 25, 33378 Rheda-Wiedenbr\u00fcck, Tel.: 05242 36648, Mobil: 0176 42984344, E-Mail:\u00a0<a href=\"mailto:f.bellers@gmx.de\"><\/a><a href=\"mailto:f.bellers@gmx.de\">f.bellers@gmx.de<\/a><br>Leo Evers, Hahnenstra\u00dfe 59, 50189 Elsdorf, Tel.: 02274 906718, Mobil: 0151 20222022, E-Mail:\u00a0<a href=\"mailto:Leo.Evers@t-online.de\"><\/a><a href=\"mailto:Leo.Evers@t-online.de\">Leo.Evers@t-online.de<\/a><br>Christian Jackl, Schwanenweg 2, 32257 B\u00fcnde, Tel.: 05223 42445, Mobil: 015201 977594, E-Mail:\u00a0<a href=\"mailto:chr.jackl@gmx.de\"><\/a><a href=\"mailto:chr.jackl@gmx.de\">chr.jackl@gmx.de<\/a><br>Dr. Andreas Junk, Bainingstra\u00dfe 87, 48165 M\u00fcnster, Tel.: 02501 261780, E-Mail:\u00a0<a href=\"mailto:a.junk@physol.com\"><\/a><a href=\"mailto:a.junk@physol.com\">a.junk@physol.com<\/a><br>Klaus L\u00f6ffelbein, Semperstra\u00dfe 67, 44801 Bochum, Tel.: 0234 707583, E-Mail:\u00a0<a href=\"mailto:klausloeffelbein@web.de\"><\/a><a href=\"mailto:klausloeffelbein@web.de\">klausloeffelbein@web.de<\/a><br>Dirk Schiefelbusch, D\u00f6rnenstra\u00dfe 20, 44329 Dortmund, Tel.: 0231 2252155, E-Mail:\u00a0<a href=\"mailto:dirk.schiefelbusch@web.de\"><\/a><a href=\"mailto:dirk.schiefelbusch@web.de\">dirk.schiefelbusch@web.de<\/a><br>Franz-Adolf Schulze Bisping, Kolpingstra\u00dfe 20, 45657 Recklinghausen, Tel.: 02361 4077574, E-Mail:\u00a0<a href=\"mailto:theobald_tiger@web.de\"><\/a><a href=\"mailto:theobald_tiger@web.de\">theobald_tiger@web.de<\/a><br>Hermann Tenhagen, Von-Fallersleben-Stra\u00dfe 6, 46354 S\u00fcdlohn, Tel.: 02862 7930, E-Mail:\u00a0<a href=\"mailto:h.tenhagen@web.de\"><\/a><a href=\"mailto:h.tenhagen@web.de\">h.tenhagen@web.de<\/a><br><br><strong>Regionaler Schiedsrichter<\/strong><br>Frank Ackermann, Oberkasseler Stra\u00dfe 59, 40595 D\u00fcsseldorf, Mobil: 01575 4332250, E-Mail:\u00a0<a href=\"mailto:ackermann.frank@rheinschach.de\"><\/a><a href=\"mailto:ackermann.frank@rheinschach.de\">ackermann.frank@rheinschach.de<\/a><br>Ali Balik, R\u00f6merstra\u00dfe 64, 47249 Duisburg, , Mobil: 0157 73734031, E-Mail:\u00a0<a href=\"mailto:Ali.Balik@psv-schach.de\"><\/a><a href=\"mailto:Ali.Balik@psv-schach.de\">Ali.Balik@psv-schach.de<\/a>\u00a0<br>Stephan Baumann, Burloer Weg 157, 46397 Bocholt, Tel.: 0251 217996, Mobil: 0157 59113296, E-Mail:\u00a0<a href=\"mailto:Stephan.J.Baumann@web.de\"><\/a><a href=\"mailto:Stephan.J.Baumann@web.de\">Stephan.J.Baumann@web.de<\/a><br>Carsten B\u00fcnjer, Saarstra\u00dfe 84, 46045 Oberhausen, Mobil: 0157 57232464, E-Mail:\u00a0<a href=\"mailto:buenjer@web.de\"><\/a><a href=\"mailto:buenjer@web.de\">buenjer@web.de<\/a><br>Daniel David, Am Mergelsberg 2, 40699 Erkrath, Mobil: 01525 3861399, E-Mail:\u00a0<a href=\"mailto:daniel-david@gmx.net\"><\/a><a href=\"mailto:daniel-david@gmx.net\">daniel-david@gmx.net<\/a><br>Wolfgang Deinert, Akazienweg 26, 58089 Hagen, Tel.: 02331 302752, Mobil: 0170 4150674, E-Mail:\u00a0<a href=\"mailto:wo.deinert@t-online.de\"><\/a><a href=\"mailto:wo.deinert@t-online.de\">wo.deinert@t-online.de<\/a><br>Holger Freiknecht, Fichtenstra\u00dfe 41, 42855 Remscheid, Tel.: 02191 385885, E-Mail:\u00a0<a href=\"mailto:freiknecht@sw-remscheid.de\"><\/a><a href=\"mailto:freiknecht@sw-remscheid.de\">freiknecht@sw-remscheid.de<\/a><br>J\u00fcrgen Fuhs, Rommelsheimer Stra\u00dfe 7, 52388 N\u00f6rvenich, Mobil: 0177 5152341. E-Mail:\u00a0<a href=\"mailto:j.fuhs@gmx.de\">j.fuhs@gmx.de<\/a>,\u00a0<br>Axel Gemeinhardt, Hedwigstra\u00dfe 11, 44149 Dortmund, Tel.: 0231 7948311, Mobil: 0176 23216757, E-Mail:\u00a0<a href=\"mailto:axgemeinhardt@yahoo.de\"><\/a><a href=\"mailto:axgemeinhardt@yahoo.de\">axgemeinhardt@yahoo.de<\/a><br>Michael Gerst, Wilmsstra\u00dfe 62, 46049 Oberhausen, Tel.: 0208 6202713, E-Mail:\u00a0<a href=\"mailto:michael.gerst@gmx.de\"><\/a><a href=\"mailto:michael.gerst@gmx.de\">michael.gerst@gmx.de<\/a><br>Detlef H\u00fcbner, Bussardstra\u00dfe 14, 32791 Lage, Tel.: 05232 18238, E-Mail:\u00a0<a href=\"mailto:HUEBI.EHRENTRUP@t-online.de\">HUEBI.EHRENTRUP@t-online.de<\/a><br>Thomas Falk, Sehlbachstra\u00dfe 91, 42283 Wuppertal, Mobil: 0162 2507526, E-Mail:\u00a0<a href=\"mailto:falk-thomas@gmx.de\"><\/a><a href=\"mailto:falk-thomas@gmx.de\">falk-thomas@gmx.de<\/a><br>Uwe Kaspar, Am P\u00fcttkamp 54, 40629 D\u00fcsseldorf, Mobil: 0177 8181941, E-Mail:\u00a0<a href=\"mailto:uwe.kaspar@web.de\"><\/a><a href=\"mailto:uwe.kaspar@web.de\">uwe.kaspar@web.de<\/a><br>Alexander Kneutgen, Goethestra\u00dfe 22, 53859 Niederkassel, Tel.: 02208 927375, E-Mail:\u00a0<a href=\"mailto:alexanderkneutgen@freenet.de\"><\/a><a href=\"mailto:alexanderkneutgen@freenet.de\">alexanderkneutgen@freenet.de<\/a><br>Karin Knop, Raesfelder Stra\u00dfe 71, 46325 Borken, Tel.: 02861 604185, Mobil: 01525 3134304, E-Mail:\u00a0<a href=\"mailto:knop-karin@outlook.de\"><\/a><a href=\"mailto:knop-karin@outlook.de\">knop-karin@outlook.de<\/a><strong><br><\/strong>Adrian Knop, Raesfelder Stra\u00dfe 71, 46325 Borken, Mobil: 01523 3724573, E-Mail:\u00a0<a href=\"mailto:adrian-knop@web.de\"><\/a><a href=\"mailto:adrian-knop@web.de\">adrian-knop@web.de<\/a><br>Marcel Koch, Auf der Klause 12b, 59192 Bergkamen, Tel.: 02307 87194, Mobil: 0152 25478937, E-Mail:\u00a0<a href=\"mailto:marcel.koch275@gmail.com\"><\/a><a href=\"mailto:marcel.koch275@gmail.com\">marcel.koch275@gmail.com<\/a><br>Wolfgang K\u00f6lnberger, Lavendelweg 15, 45770 Marl, Tel: 02365 84723, Mobil: 0179 4951271, E-Mail:\u00a0<a href=\"mailto:wolfgangkoelnberger@gmx.de\"><\/a><a href=\"mailto:wolfgangkoelnberger@gmx.de\">wolfgangkoelnberger@gmx.de<\/a>\u00a0<br>Bernd Konietzka, Fischerstra\u00dfe 176, 45899 Gelsenkirchen, Tel.: 0209 8806813, Mobil: 0163 6158645, E-Mail:\u00a0<a href=\"mailto:Bernd@konietzka.me\"><\/a><a href=\"mailto:Bernd@konietzka.me\">Bernd@konietzka.me<\/a><br>Werner Langhoff, Hauptstra\u00dfe 33, 53842 Troisdorf, Tel.: 02241 9057543, E-Mail:\u00a0<a href=\"mailto:w.langhoff@mail.de\"><\/a><a href=\"mailto:w.langhoff@mail.de\">w.langhoff@mail.de<\/a>\u00a0<br>Jochen Leifeld, Raabestra\u00dfe 9, 59227 Ahlen, Tel.: 02382 1470, Mobil: 0173 2107606, E-Mail:\u00a0<a href=\"mailto:Jochen@Leifeld-Ahlen.de\"><\/a><a href=\"mailto:Jochen@Leifeld-Ahlen.de\">Jochen@Leifeld-Ahlen.de<\/a><br>Bernd Lerke, Bahnhofstra\u00dfe 10, 48356 Nordwalde, Tel.: 02573 1659, E-Mail:\u00a0<a href=\"mailto:spielleiter@skknordwalde.de\"><\/a><a href=\"mailto:spielleiter@skknordwalde.de\">spielleiter@skknordwalde.de<\/a><br>Johannes Niemers, Zeitzer Weg 24, 40627 D\u00fcsseldorf, Tel.: 0211 1693607, Mobil: 0176 56218868, E-Mail:\u00a0<a href=\"mailto:jniemers@hotmail.com\"><\/a><a href=\"mailto:jniemers@hotmail.com\">jniemers@hotmail.com<\/a><br>Michael Rath, Stettiner Stra\u00dfe 22, 45721 Haltern, Mobil: 0178 3314174, E-Mail:\u00a0<a href=\"mailto:rathmichael@aol.com\"><\/a><a href=\"mailto:rathmichael@aol.com\">rathmichael@aol.com<\/a>\u00a0<br>Peter Schelwokat, Marler Stra\u00dfe 23, 45894 Gelsenkirchen, Mobil: 0173 5242347, E-Mail:\u00a0<a href=\"mailto:Peter.Schelwokat@gmail.com\">Peter.Schelwokat@gmail.com<\/a><br>Sebastian Zimmer, Propst-K\u00f6ster-Stra\u00dfe 9, 59457 Werl, Tel.: 02922 8032927, E-Mail:\u00a0<a href=\"mailto:sebastianzimmer@schachclubwerl.de\"><\/a><a href=\"mailto:sebastian.zimmer.83@web.de\">sebastian.zimmer.83@web.de<\/a><\/p>\n","protected":false},"excerpt":{"rendered":"<p>Internationaler SchiedsrichterDirk Husemann, Gustav-Winkler-Stra\u00dfe 10, 33699 Bielefeld, Tel.: 0521 2080321, E-Mail:&nbsp;husi24@t-online.de FIDE SchiedsrichterDr. Johannes Baier, Kirchenstra\u00dfe 52, 52146 W\u00fcrselen, Tel.: 02405 489915, Mobil: 01577 5352146, E-Mail:&nbsp;baier.johannes@gmx.deWolfgang Block, Graf Berghe von Trips Ring 58, 50169 Kerpen, Tel.: 02273 9386842, E-Mail:&nbsp;wolfgang.block@gmx.deRalf Chadt-Rausch, Oberdorfstra\u00dfe 28, 44309 Dortmund, Tel.: 0231 9252220, E-Mail:&nbsp;r-chadt@t-online.deHolger May, Stoppenbergstra\u00dfe 3t, 46483 Wesel, Tel.: 0281 [&hellip;]<\/p>\n","protected":false},"author":1,"featured_media":0,"parent":0,"menu_order":0,"comment_status":"closed","ping_status":"closed","template":"","meta":{"footnotes":""},"class_list":["post-154","page","type-page","status-publish","hentry"],"_links":{"self":[{"href":"https:\/\/schach-in-nrw.de\/index.php?rest_route=\/wp\/v2\/pages\/154","targetHints":{"allow":["GET"]}}],"collection":[{"href":"https:\/\/schach-in-nrw.de\/index.php?rest_route=\/wp\/v2\/pages"}],"about":[{"href":"https:\/\/schach-in-nrw.de\/index.php?rest_route=\/wp\/v2\/types\/page"}],"author":[{"embeddable":true,"href":"https:\/\/schach-in-nrw.de\/index.php?rest_route=\/wp\/v2\/users\/1"}],"replies":[{"embeddable":true,"href":"https:\/\/schach-in-nrw.de\/index.php?rest_route=%2Fwp%2Fv2%2Fcomments&post=154"}],"version-history":[{"count":1,"href":"https:\/\/schach-in-nrw.de\/index.php?rest_route=\/wp\/v2\/pages\/154\/revisions"}],"predecessor-version":[{"id":1332,"href":"https:\/\/schach-in-nrw.de\/index.php?rest_route=\/wp\/v2\/pages\/154\/revisions\/1332"}],"wp:attachment":[{"href":"https:\/\/schach-in-nrw.de\/index.php?rest_route=%2Fwp%2Fv2%2Fmedia&parent=154"}],"curies":[{"name":"wp","href":"https:\/\/api.w.org\/{rel}","templated":true}]}}