{"id":160,"date":"2021-11-14T11:34:19","date_gmt":"2021-11-14T11:34:19","guid":{"rendered":"https:\/\/schach-in-nrw.de\/?page_id=160"},"modified":"2026-02-07T07:23:47","modified_gmt":"2026-02-07T07:23:47","slug":"allgemeine-geschaeftsbedingungen-fuer-seminare","status":"publish","type":"page","link":"https:\/\/schach-in-nrw.de\/?page_id=160","title":{"rendered":"Allgemeine Gesch\u00e4ftsbedingungen f\u00fcr Seminare"},"content":{"rendered":"\n<p><strong>Anmeldung:<\/strong><br>Die Anmeldung zu Lehrg\u00e4ngen kann schriftlich \u00fcber die Gesch\u00e4ftsstelle oder \u00fcber das Vereinsportal der Vereine erfolgen.<\/p>\n\n\n\n<p><strong>Zulassung:<\/strong><br>Die Zulassung erfolgt nach der Reihenfolge des Eingangs der Meldungen. Best\u00e4tigung:&nbsp; Sie erhalten eine Anmeldebest\u00e4tigung und ca. drei Wochen vor Lehrgangsbeginn eine Einladung mit entsprechenden Hinweisen zu Veranstaltungsort \/ &#8211; zeit etc.<\/p>\n\n\n\n<p><strong>Geb\u00fchr:<\/strong><br>Der Rechnungsbetrag ist vor dem Lehrgang in voller H\u00f6he zu entrichten. Die Rechnungen werden mit der Anmeldebest\u00e4tigung versandt.<br>Personen, ohne Sportvereinszugeh\u00f6rigkeit zahlen eine h\u00f6here Teilnahmegeb\u00fchr. Ausnahmen werden im Einzelnen gepr\u00fcft (ohne Rechtsanspruch).<br>Bei Zahlungsverzug berechnet der Schachbund NRW e.V. Verzugszinsen in H\u00f6he von 5 % (f\u00fcnf Prozent pro Jahr) \u00fcber dem geltenden Diskontsatz der Europ\u00e4ischen Zentralbank. Der Schachbund NRW e.V. erhebt nach der ersten Zahlungserinnerung eine Mahngeb\u00fchr in H\u00f6he von 5,00 Euro.<\/p>\n\n\n\n<p><strong>Unterbringung:<\/strong><br>Die Unterbringung in den Sportschulen des Landessportbund (Sportschule Hachen) erfolgt in Doppelzimmern.<br>Sollte ein Einzelzimmer (nur bei freien Kapazit\u00e4ten m\u00f6glich) gew\u00fcnscht werden, so sind die Extra-Kosten vom Teilnehmer vor Ort selber zu tragen.<\/p>\n\n\n\n<p><strong>R\u00fccktritt \/ Abmeldung:<\/strong><br>Der R\u00fccktritt von einer Anmeldung ist nur vor Lehrgangsbeginn m\u00f6glich und sollte in jedem Fall schriftlich erfolgen. Nur bei Lehrgangsausfall oder Terminverschiebung&nbsp;&nbsp; durch&nbsp;&nbsp; die&nbsp;&nbsp; Veranstalter&nbsp;&nbsp; ist&nbsp;&nbsp; eine&nbsp;&nbsp; R\u00fcckerstattung&nbsp;&nbsp; der&nbsp;&nbsp; gesamten Geb\u00fchren m\u00f6glich. Verzicht auf Teilnahme, unregelm\u00e4\u00dfiger Besuch oder vorzeitiges Ausscheiden entbindet nicht von der Zahlungspflicht. Bei R\u00fccktritt bis 4 Wochen vor Kursbeginn werden 10,00 Euro Verwaltungskosten, danach ist die volle Geb\u00fchr zu entrichten.<\/p>\n\n\n\n<p><strong>Teilnehmerzahl:<\/strong><br>Die Angebote erfordern eine kalkulierte Mindestteilnehmerzahl, die grunds\u00e4tzlich bei 10 Personen liegt. Die Anzahl der Teilnehmer ist begrenzt. Eine Zu- und Absage kann dann auch kurzfristig erfolgen.<br>Mindestalter \/ Teilnahmevoraussetzung: Jeder kann an den Veranstaltungen teilnehmen, wenn er mindestens 18 Jahre alt ist. Bei der Ausbildung zum C-Trainer k\u00f6nnen Teilnehmer ab 16 Jahre teilnehmen, wenn durch die Erziehungsberechtigten f\u00fcr diesen Jugendlichen eine Aufsichtsperson gestellt wird, die die Aufsichtspflicht \u00fcbernimmt.<\/p>\n\n\n\n<p><strong>Haftung:<\/strong><br>Die Veranstalter \u00fcbernehmen keinerlei Haftung f\u00fcr irgendwelche Sch\u00e4den, Verluste und Druckfehler. \u00c4nderungen vorbehalten.<br>Durch die Zahlung der Geb\u00fchr sind die Teilnehmer im Rahmen des Versicherungsvertrages mit der Sporthilfe e.V. in den Bereichen Unfall und Haftpflicht versichert.<\/p>\n\n\n\n<p><strong>Datenschutz:<\/strong><br>Wir machen Sie darauf aufmerksam, dass Sie mit Ihrer Anmeldung Ihre Einverst\u00e4ndnis f\u00fcr die Erhebung, Verarbeitung und Nutzung Ihrer personenbezogenen Daten \u00fcber&nbsp; die&nbsp; zentrale&nbsp; Datenbank&nbsp; im&nbsp; Rahmen&nbsp; der Zweckbestimmung des Schachbundes NRW, des Deutschen Schachbundes und des Deutschen Olympischen Sportbundes sich einverstanden erkl\u00e4rt haben.<\/p>\n\n\n\n<p><strong>Bildmaterial:<\/strong><br>Mit&nbsp;&nbsp; der&nbsp;&nbsp; Anmeldung&nbsp;&nbsp; erkl\u00e4rt&nbsp;&nbsp; sich&nbsp;&nbsp; der \/ die&nbsp;&nbsp; Teilnehmer\/in&nbsp;&nbsp; mit&nbsp;&nbsp; der Ver\u00f6ffentlichung von w\u00e4hrend der Veranstaltung erstellten Fotomaterials einverstanden. Der Schachbund NRW und der Deutsche Schachbund verpflichten sich, die erhobenen Daten unter Einhaltung des Bundesdatenschutzgesetzes nur als Mittel zur Erf\u00fcllung ihrer eigenen Gesch\u00e4ftszwecke und satzungsm\u00e4\u00dfigen Aufgaben zu verwenden.<\/p>\n","protected":false},"excerpt":{"rendered":"<p>Anmeldung:Die Anmeldung zu Lehrg\u00e4ngen kann schriftlich \u00fcber die Gesch\u00e4ftsstelle oder \u00fcber das Vereinsportal der Vereine erfolgen. Zulassung:Die Zulassung erfolgt nach der Reihenfolge des Eingangs der Meldungen. Best\u00e4tigung:&nbsp; Sie erhalten eine Anmeldebest\u00e4tigung und ca. drei Wochen vor Lehrgangsbeginn eine Einladung mit entsprechenden Hinweisen zu Veranstaltungsort \/ &#8211; zeit etc. Geb\u00fchr:Der Rechnungsbetrag ist vor dem Lehrgang in [&hellip;]<\/p>\n","protected":false},"author":1,"featured_media":0,"parent":0,"menu_order":0,"comment_status":"closed","ping_status":"closed","template":"","meta":{"footnotes":""},"class_list":["post-160","page","type-page","status-publish","hentry"],"_links":{"self":[{"href":"https:\/\/schach-in-nrw.de\/index.php?rest_route=\/wp\/v2\/pages\/160","targetHints":{"allow":["GET"]}}],"collection":[{"href":"https:\/\/schach-in-nrw.de\/index.php?rest_route=\/wp\/v2\/pages"}],"about":[{"href":"https:\/\/schach-in-nrw.de\/index.php?rest_route=\/wp\/v2\/types\/page"}],"author":[{"embeddable":true,"href":"https:\/\/schach-in-nrw.de\/index.php?rest_route=\/wp\/v2\/users\/1"}],"replies":[{"embeddable":true,"href":"https:\/\/schach-in-nrw.de\/index.php?rest_route=%2Fwp%2Fv2%2Fcomments&post=160"}],"version-history":[{"count":1,"href":"https:\/\/schach-in-nrw.de\/index.php?rest_route=\/wp\/v2\/pages\/160\/revisions"}],"predecessor-version":[{"id":3080,"href":"https:\/\/schach-in-nrw.de\/index.php?rest_route=\/wp\/v2\/pages\/160\/revisions\/3080"}],"wp:attachment":[{"href":"https:\/\/schach-in-nrw.de\/index.php?rest_route=%2Fwp%2Fv2%2Fmedia&parent=160"}],"curies":[{"name":"wp","href":"https:\/\/api.w.org\/{rel}","templated":true}]}}